{"version":"1.0","provider_name":"Vertex","provider_url":"https:\/\/vertexcommotion.ca\/en","title":"M\u00e9nage de printemps pour le cerveau - Vertex","type":"rich","width":600,"height":338,"html":"<blockquote class=\"wp-embedded-content\" data-secret=\"aRGlcTFamz\"><a href=\"https:\/\/vertexcommotion.ca\/en\/2026\/03\/10\/menage-de-printemps-pour-le-cerveau\/\">M\u00e9nage de printemps pour le cerveau<\/a><\/blockquote><iframe sandbox=\"allow-scripts\" security=\"restricted\" src=\"https:\/\/vertexcommotion.ca\/en\/2026\/03\/10\/menage-de-printemps-pour-le-cerveau\/embed\/#?secret=aRGlcTFamz\" width=\"600\" height=\"338\" title=\"&#8220;M\u00e9nage de printemps pour le cerveau&#8221; &#8212; Vertex\" data-secret=\"aRGlcTFamz\" frameborder=\"0\" marginwidth=\"0\" marginheight=\"0\" scrolling=\"no\" class=\"wp-embedded-content\"><\/iframe><script type=\"text\/javascript\">\n\/* <![CDATA[ *\/\n\/*! This file is auto-generated *\/\n!function(d,l){\"use strict\";l.querySelector&&d.addEventListener&&\"undefined\"!=typeof URL&&(d.wp=d.wp||{},d.wp.receiveEmbedMessage||(d.wp.receiveEmbedMessage=function(e){var t=e.data;if((t||t.secret||t.message||t.value)&&!\/[^a-zA-Z0-9]\/.test(t.secret)){for(var s,r,n,a=l.querySelectorAll('iframe[data-secret=\"'+t.secret+'\"]'),o=l.querySelectorAll('blockquote[data-secret=\"'+t.secret+'\"]'),c=new RegExp(\"^https?:$\",\"i\"),i=0;i<o.length;i++)o[i].style.display=\"none\";for(i=0;i<a.length;i++)s=a[i],e.source===s.contentWindow&&(s.removeAttribute(\"style\"),\"height\"===t.message?(1e3<(r=parseInt(t.value,10))?r=1e3:~~r<200&&(r=200),s.height=r):\"link\"===t.message&&(r=new URL(s.getAttribute(\"src\")),n=new URL(t.value),c.test(n.protocol))&&n.host===r.host&&l.activeElement===s&&(d.top.location.href=t.value))}},d.addEventListener(\"message\",d.wp.receiveEmbedMessage,!1),l.addEventListener(\"DOMContentLoaded\",function(){for(var e,t,s=l.querySelectorAll(\"iframe.wp-embedded-content\"),r=0;r<s.length;r++)(t=(e=s[r]).getAttribute(\"data-secret\"))||(t=Math.random().toString(36).substring(2,12),e.src+=\"#?secret=\"+t,e.setAttribute(\"data-secret\",t)),e.contentWindow.postMessage({message:\"ready\",secret:t},\"*\")},!1)))}(window,document);\n\/\/# sourceURL=https:\/\/vertexcommotion.ca\/wp-includes\/js\/wp-embed.min.js\n\/* ]]> *\/\n<\/script>","thumbnail_url":"https:\/\/vertexcommotion.ca\/wp-content\/uploads\/2026\/03\/blog-printemps.jpg","thumbnail_width":4033,"thumbnail_height":3025,"description":"Le printemps, c\u2019est la saison du renouveau. On ouvre les fen\u00eatres, on trie, on nettoie en profondeur la maison, on ratisse le terrain\u2026 Bref, on fait un grand m\u00e9nage pour repartir \u00e0 neuf.\u00a0Pour les personnes en r\u00e9cup\u00e9ration apr\u00e8s une commotion c\u00e9r\u00e9brale, toutes ces t\u00e2ches peuvent repr\u00e9senter une charge cognitive importante. Lumi\u00e8re plus intense, journ\u00e9es plus longues, reprise des activit\u00e9s et sollicitations multiples\u2026 le cerveau peut rapidement se sentir surcharg\u00e9."}

Ménage de printemps pour le cerveau - Vertex

<blockquote class="wp-embedded-content" data-secret="aRGlcTFamz"><a href="https://vertexcommotion.ca/en/2026/03/10/menage-de-printemps-pour-le-cerveau/">Ménage de printemps pour le cerveau</a></blockquote><iframe sandbox="allow-scripts" security="restricted" src="https://vertexcommotion.ca/en/2026/03/10/menage-de-printemps-pour-le-cerveau/embed/#?secret=aRGlcTFamz" width="600" height="338" title="&#8220;Ménage de printemps pour le cerveau&#8221; &#8212; Vertex" data-secret="aRGlcTFamz" frameborder="0" marginwidth="0" marginheight="0" scrolling="no" class="wp-embedded-content"></iframe><script type="text/javascript">
/* <![CDATA[ */
/*! This file is auto-generated */
!function(d,l){"use strict";l.querySelector&&d.addEventListener&&"undefined"!=typeof URL&&(d.wp=d.wp||{},d.wp.receiveEmbedMessage||(d.wp.receiveEmbedMessage=function(e){var t=e.data;if((t||t.secret||t.message||t.value)&&!/[^a-zA-Z0-9]/.test(t.secret)){for(var s,r,n,a=l.querySelectorAll('iframe[data-secret="'+t.secret+'"]'),o=l.querySelectorAll('blockquote[data-secret="'+t.secret+'"]'),c=new RegExp("^https?:$","i"),i=0;i<o.length;i++)o[i].style.display="none";for(i=0;i<a.length;i++)s=a[i],e.source===s.contentWindow&&(s.removeAttribute("style"),"height"===t.message?(1e3<(r=parseInt(t.value,10))?r=1e3:~~r<200&&(r=200),s.height=r):"link"===t.message&&(r=new URL(s.getAttribute("src")),n=new URL(t.value),c.test(n.protocol))&&n.host===r.host&&l.activeElement===s&&(d.top.location.href=t.value))}},d.addEventListener("message",d.wp.receiveEmbedMessage,!1),l.addEventListener("DOMContentLoaded",function(){for(var e,t,s=l.querySelectorAll("iframe.wp-embedded-content"),r=0;r<s.length;r++)(t=(e=s[r]).getAttribute("data-secret"))||(t=Math.random().toString(36).substring(2,12),e.src+="#?secret="+t,e.setAttribute("data-secret",t)),e.contentWindow.postMessage({message:"ready",secret:t},"*")},!1)))}(window,document);
//# sourceURL=https://vertexcommotion.ca/wp-includes/js/wp-embed.min.js
/* ]]> */
</script>

Le printemps, c’est la saison du renouveau. On ouvre les fenêtres, on trie, on nettoie en profondeur la maison, on ratisse le terrain… Bref, on fait un grand ménage pour repartir à neuf. Pour les personnes en récupération après une commotion cérébrale, toutes ces tâches peuvent représenter une charge cognitive importante. Lumière plus intense, journées plus longues, reprise des activités et sollicitations multiples… le cerveau peut rapidement se sentir surchargé.
